 160 = -2*z. What are the prime factors of z?
2, 5, 7
Let m = 37 - 12. Suppose -b - 2*j = 3, -3*j + 8*j + m = b. List the prime factors of b.
5
Let o(f) = 248*f**2 + f + 1. List the prime factors of o(-1).
2, 31
Suppose -3*l - 2*v = -109, -3*v = 4*l - 2*v - 152. List the prime factors of l.
3, 13
Suppose 0 = i - 4 - 0. Suppose 2 + i = 2*d. What are the prime factors of d?
3
Let h(o) = 2*o - 3. Let g be (3 + 1)/(-2) + 8. What are the prime factors of h(g)?
3
Suppose -m - 3*m + 256 = 0. What are the prime factors of m?
2
Suppose 97 = -8*d + 505. List the prime factors of d.
3, 17
Let r be (69/(-6))/(1/(-2)). Suppose -3*t - 2*k = t - 18, r = -t + 5*k. List the prime factors of t/((-2)/(-9) + 0).
3
Suppose 0 = -4*t + 3 + 9. Suppose 7*d = t*d + 36. What are the prime factors of d?
3
Let t(r) = -r**2 - 8*r - 8. Let f be t(-6). Suppose -25 = -5*w, b - f*w + 5 = -11. List the prime factors of b.
2
Suppose -4*k - 2*q + 660 = 0, -22 = 5*q - 2. What are the prime factors of k?
167
Let h(n) = n**3 + 11*n**2 - 15. Let g = 12 + -23. Let o be h(g). What are the prime factors of (-8)/(-3) + 10/o?
2
Let j = 3 + 2. What are the prime factors of (-186)/(-15) - 2/j?
2, 3
Let u(d) = 35*d - 3. List the prime factors of u(5).
2, 43
Let j = -4 + 13. Let t be (j/(-4))/3*4. What are the prime factors of (-23)/t - (-5)/15?
2
Suppose -2*f = 5*j - 36, 6 = 3*j - 3*f - 3. Suppose -j + 42 = 2*l. Suppose 3*y = 8*y + 5*m - 45, -5*m = -2*y + l. List the prime factors of y.
3
Let q be (-480)/27 - 4/18. Let w = -9 - q. Suppose -4*y - 3 = -3*j + 24, y - w = -j. List the prime factors of j.
3
Suppose -657 = -5*c + n, 0*n = 4*c + 4*n - 516. What are the prime factors of c?
131
Let s(p) = p**2 + 3*p - 2. Let n be s(-4). Suppose 2*x = 2*k + 22, -10 = -2*x - 2*k - n*k. List the prime factors of x.
3
Let t = 10 - 8. Suppose 3*h + 18 = 4*y, -2 = 3*y - t*h - 15. List the prime factors of (8/y)/((-8)/(-12)).
2
Let l be 3/6*(56 - 2). Let x = 49 - l. Suppose -2*m + 3*h = -x, 5*m = 4*h + 36 + 5. List the prime factors of m.
5
Suppose 2*d + 0*d + 4 = 0. Let y be d/(-4)*(-1 - -1). Suppose y = -0*q + 4*q - 48. What are the prime factors of q?
2, 3
Let b(l) = -l**2 - 6*l + 4. Let y be b(-6). Suppose -y*h + 6 = 14, -5*h + 44 = 3*w. What are the prime factors of w?
2, 3
Suppose 0 = 4*n + 3*u - 0*u - 153, 2*u = -2. Suppose 0 = -2*v + 40 + 26. Suppose g - v = -5*b, g - 3*g + n = b. What are the prime factors of g?
2, 3
Suppose 4*b - 6 = 2*b. Suppose 8 + 7 = b*a. Suppose -4*m + 33 = a*d - 0*m, -3*m - 27 = -2*d. What are the prime factors of d?
3
Suppose 4*g + 9 = 5*d, 2*d - 18 = -3*g + g. Suppose c - 2 = -q + 20, -2*c + 116 = d*q. List the prime factors of q.
2, 3
Suppose 365 = -34*m + 39*m. What are the prime factors of m?
73
Let k(d) = -15*d**3 + 2*d**2 - d - 1. What are the prime factors of k(-1)?
17
Suppose 8 = 4*h, k - 4*h = -8*h + 11. Suppose k*u - 10 = 2. Suppose 3*b - u*b = -8. What are the prime factors of b?
2
Suppose -4*l - 2*v = -0*l - 68, -3*l + 4*v + 73 = 0. List the prime factors of l.
19
Suppose -2*t = 3*r - 48, -3*t + 25 = 2*r - 12. What are the prime factors of r?
2, 7
What are the prime factors of (0 + 1)/(((-4)/(-566))/2)?
283
List the prime factors of -4*(3 + (-129)/12).
31
Let k = 1 - 3. Suppose 2*d + 7 = 1, 0 = -n + 4*d - 10. What are the prime factors of (2 - 1)/(k/n)?
11
Let g(f) = 2 - f**2 + 10 - 8*f - 3*f. Let b be g(-12). Suppose h - 3 - 9 = b. List the prime factors of h.
2, 3
Suppose 2*g - 394 = 2*q, 4*q - q - 961 = -5*g. What are the prime factors of g?
2, 97
Let n(s) = s**2 + 5*s + 16. List the prime factors of n(8).
2, 3, 5
Let j(w) = -53*w - 44. What are the prime factors of j(-6)?
2, 137
Let b = -177 + -99. Let i be (2/4)/((-6)/b). Suppose -42 - i = -5*h. List the prime factors of h.
13
Let b = -5 - -5. Suppose p - 29 = -2*u, b*p = -4*u - p + 59. What are the prime factors of u?
3, 5
Let k = 1 - -13. Suppose -4*j - j = -n - 18, -4*j + n + k = 0. List the prime factors of j.
2
Suppose -o = -2*o - 5*w + 14, 2*o - w + 16 = 0. Let a(b) = -4*b - b**3 - 8 + 0*b**3 + b - 6*b**2. List the prime factors of a(o).
2, 5
Suppose -2*o + 12*g - 9*g = -678, -g = -3*o + 1031. What are the prime factors of o?
3, 5, 23
Let c(r) = 18*r**2. Let j be c(1). Suppose -4*a = -f + 12, -4*a - j = a - 2*f. Let w = a - -12. What are the prime factors of w?
2, 5
Suppose -p - p = -60. List the prime factors of p.
2, 3, 5
Let l = 1 - -2. Suppose -l*n + n = -10. What are the prime factors of n?
5
Let x be 2/3 - (-5428)/(-6). List the prime factors of 16/(-120) - x/30.
2, 3, 5
Let y(m) = -2*m + 9. Let j be y(4). List the prime factors of 20*8/20*j.
2
Let s = -5 - -10. Let j be 47/s - (-2)/(-5). Suppose j*z - 4*z - 45 = 0. List the prime factors of z.
3
Let x(u) = -2*u**3 + u + 1. Let q be x(-1). Let h be (1 + q + 0)*3. Suppose h = 3*a - 9. What are the prime factors of a?
2, 3
Suppose 2*v - 297 = 5. List the prime factors of v.
151
Let c(k) = k - 2. Let p be c(-6). List the prime factors of p/20 - (-44)/10.
2
Suppose 0 = -2*m + m + 2. Suppose 1 = -m*x + 5. List the prime factors of -2 + 2*8 - x.
2, 3
What are the prime factors of 0/(-6) - (-50 - -1)?
7
Suppose 5*z + t = 18, -5*t = -0*z - 4*z + 26. Let p(s) = 3*s - 2. List the prime factors of p(z).
2, 5
Suppose -3*b - 30 = -147. Suppose -i - b = -4*i. What are the prime factors of i?
13
Let a(n) = 5*n - 2. Let q be a(-4). Let o = -28 - -16. Let k = o - q. List the prime factors of k.
2, 5
Let h(c) = c**2 - 5*c - 3. Let l be h(5). Let i(p) = p**2 + 4*p + 1. Let z be i(l). Let a(y) = -3*y. What are the prime factors of a(z)?
2, 3
Suppose 0 = k - 3*g - 13, 2*k + 3*g + g = 16. What are the prime factors of k?
2, 5
Let o(d) be the second derivative of -d**3/2 - 3*d**2 - 6*d. List the prime factors of o(-6).
2, 3
Suppose 0 = 3*f - 5*c + 84, -4*f + 4*c - 120 = -0*f. Let o = f + 51. List the prime factors of o.
2, 3
Suppose 3*q - 40 - 146 = 0. Let w = q + -43. List the prime factors of w.
19
Suppose 6*d + 31 + 23 = 0. Let s = d + 51. List the prime factors of s.
2, 3, 7
Let v be 1/5 + (-2)/10. Suppose -4*d + 61 = 5*f, v*d + 49 = 5*f + d. List the prime factors of f.
3
Let u(y) = -y**3 - 6*y**2 + 6*y - 5. Let j be u(-7). Let p = -2 - j. Let i = p + 10. What are the prime factors of i?
2, 3
Let g = 4 - 5. List the prime factors of 98/6 + g/3.
2
Let a(j) be the third derivative of j**5/60 + j**4/24 - 2*j**3/3 - j**2. List the prime factors of a(-4).
2
Suppose 0 = 2*f - 5*h + 13, -3*h = -4*f - h - 66. Suppose 3*k - 62 = k. Let y = f + k. What are the prime factors of y?
2, 3
Suppose -5*w - k = k, 4*k = 2*w. Suppose w = -3*j - 5*r + 23 - 3, 1 = r. What are the prime factors of j?
5
Suppose 0 = 5*g - 1 - 4. Suppose z + 19 = 3*z - 5*v, -z = -v - 8. Suppose g = -n + z. List the prime factors of n.
2, 3
Let h = 1 + -1. Suppose h = 2*q - 4 - 0. Suppose -q*g = -2*v - 18, -5*g + 42 = -v - 3*v. What are the prime factors of g?
2, 3
Let h(t) = 2*t**2 - 4*t + 3. Let l be h(2). Suppose 3*f - 7*f - 8 = -l*u, 2*u - 3*f = 4. What are the prime factors of u?
2
Suppose -4*d - i = -13, 6*d - 12 = d + 3*i. Suppose n - 20 = -d*n. Suppose -2*k = 10, -2*h - n*k = -3*k - 8. What are the prime factors of h?
3
Let d be ((-4)/2)/((-4)/16). What are the prime factors of d/28 + 122/14?
3
Let w = -122 + 218. What are the prime factors of w?
2, 3
Let i(m) = 4*m - 3. Let f(s) be the first derivative of s**2/2 + s - 1. Let n(y) = 3*f(y) - i(y). What are the prime factors of n(-6)?
2, 3
Suppose 12*k - 1095 - 1893 = 0. List the prime factors of k.
3, 83
What are the prime factors of (-5 - (2 - 3)) + 41?
37
Let j = 6 - -10. Suppose -6*s - j = -2*s. List the prime factors of 2/(-5)*(s - 21).
2, 5
Let g(x) = -x**2 - 7*x. Let w be g(-7). Suppose 2*y + 0 - 18 = -3*r, y + 5*r - 2 = w. What are the prime factors of y?
2, 3
Let w(b) = -b**2 + 6*b + 6. Let p be w(6). Suppose 3*r = -2*d + 17, -3*d + p*d + 3 = 5*r. What are the prime factors of d?
2
What are the prime factors of (4/8)/((-1)/(-46))?
23
Let v = 177 - 85. List the prime factors of v.
2, 23
Let b(u) = -3*u - 6*u - 1 - 4*u + 3*u. List the prime factors of b(-1).
3
Suppose 5*c = c. Suppose c = -d + 5*d. Suppose -4*q + 30 + 34 = d. What are the prime factors of q?
2
Let a(v) = v - 2. Let r be a(7). Suppose 4*n - 132 = r*w - 28, -3*n + 5*w + 7